common divisor of g and 66.
6
Let v be ((-1980)/(-210))/(6/560). What is the greatest common divisor of v and 240?
80
Let s be 2*(-25998)/(-26) - 158/(-1027). Calculate the greatest common factor of 160 and s.
80
Suppose 10*x - 4879 + 1659 = 0. Calculate the greatest common factor of x and 414.
46
Suppose 100 = 2*q + 4*v, -5*v = -5*q - 284 + 534. Calculate the highest common factor of q and 2775.
25
Let y be 24*(-5 - -8)/(12/9). Suppose -4*l + y = 2*l. Suppose 0 = 3*u - 4*r - 116, 3*u - 118 = 17*r - 12*r. What is the greatest common divisor of l and u?
9
Let a be -2 - (-1088)/60 - 106/795. What is the greatest common divisor of a and 5648?
16
Let l be ((-116)/(-145))/((-4)/(-10)). Suppose 5*j - l*c - c = 49, 0 = -3*j + c + 31. Calculate the highest common divisor of j and 55.
11
Let o = -3 + 2. Suppose -4*t - 611 = -603. Let n be 25/((o + 0)/(-3 - t)). Calculate the greatest common factor of 125 and n.
25
Let f be 6231 - 11/33*(-1 - -19). Let m be f/325 - (-6)/(-39). What is the greatest common divisor of m and 1387?
19
Let n = 708 - 418. Let q(o) = -o**2 + 4*o + 270. Let b be q(-8). What is the greatest common factor of b and n?
58
Let u = -87 + 96. Suppose -98 + 17 = -u*m. What is the greatest common divisor of m and 3?
3
Suppose 0 = 4*r + 129 - 109. Let z(w) = -w**3 + 5*w**2 + w - 11. Let i be z(r). What is the greatest common factor of 78 and i?
78
Suppose -2*s - 95*p + 36 = -97*p, 4*s + p - 37 = 0. What is the greatest common divisor of s and 6853?
11
Let g be (-14)/8*(-3 + -1). Let a be (0/2)/(8/(-28)*-7). Suppose 3*d = -n + 43, -15 = -d - a*n - n. Calculate the greatest common factor of g and d.
7
Let n = 6 - 4. Let m(g) = 69*g**2 - 3*g + 2. Let q be m(n). Let x be ((-5124)/60 - (-2)/5)*(-256)/640. What is the greatest common factor of q and x?
34
Let j(h) = -h**3 + 16*h**2 + 32*h + 76. Let m be 20/30 + (156/(-9))/(-1). Let i be j(m). Let t = 11 - 10. Calculate the greatest common divisor of t and i.
1
Suppose -36 + 1102 = 13*m. Suppose -v - 2137 = -4*h, 5*h - 1109 = 2*v + 1566. Calculate the highest common factor of m and h.
41
Let k be 15/(-3) + -19 + 0. Let w be (-174)/k + 6/8. What is the greatest common divisor of w and 376?
8
Suppose 6*i = 2*i + 516. Suppose 0 = -127*z + 66*z + 62*z - 86. What is the highest common divisor of z and i?
43
Let j = -57 - -61. Suppose 2*f - 2*i - 50 = -0*f, -j*f = -2*i - 90. What is the greatest common factor of 4 and f?
4
Suppose -3*v = -2*x - 73, -18*v - 1 = -19*v - 4*x. Calculate the highest common factor of 153 and v.
3
Suppose -5*z + 2032 = f, -4*f + 410 = -2*z + 1236. Let j = 101 - 64. Calculate the highest common divisor of j and z.
37
Let r = 223 - 205. Suppose -x - 5610 = -r*x. Calculate the highest common divisor of x and 33.
33
Let l be ((-2)/(-2))/((1/88)/((-1160)/(-4640))). Let w be 6/(-1*2)*-11. Calculate the highest common factor of w and l.
11
Suppose r + 11 = 2*r - 758. Calculate the greatest common factor of r and 1.
1
Let j = -31 - -43. Let u(o) = 2*o + 109. Let s be u(-33). Suppose 47*m - 336 = s*m. Calculate the greatest common factor of m and j.
12
Let k be (-18)/12*(0 - (-2 - -200)). What is the highest common factor of k and 5643?
297
Let d(q) = -6*q + 38. Let n be d(6). Suppose n*f = -f + 99. Suppose 2*v - 20 = -2*p + p, 2*v = 5*p + 32. What is the highest common divisor of v and f?
11
Let i be (20060/(-680))/((0 + -1)/(-7))*-6. Calculate the highest common divisor of 84 and i.
21
Let b be 36212/297 + 64/864. What is the greatest common divisor of 183 and b?
61
Let m(v) = -26*v - 112. Suppose 9*h = -17 - 37. Let z be m(h). What is the greatest common factor of z and 22?
22
Suppose -52*l + 167271 = -136825. Calculate the greatest common divisor of l and 136.
136
Suppose -y = -2*b, 12 = 5*b + 27. Let n be ((-4)/y)/(5/270). Suppose 0 = 92*p - 4675 - 293. Calculate the highest common factor of p and n.
18
Suppose -28947 - 65103 = -285*r. What is the greatest common divisor of 5060 and r?
110
Suppose f = -2*b - f, -5*b = -5*f. Let k(u) = -u**3 + u**2 - u + 32. Let z be k(b). What is the greatest common divisor of z and 1?
1
Let t(z) = -726*z**2 - z + 2. Let n be t(-2). Let l be (-1)/2 + n/(-40). What is the greatest common divisor of 96 and l?
24
Let f(d) = d**3 + 8*d**2 + 9. Let o be f(-8). Let j = 41421 - 41394. Calculate the greatest common factor of o and j.
9
Let i(n) = n**3 - 13*n**2 - 103*n + 140. Let v be i(24). What is the greatest common divisor of 156 and v?
52
Suppose -12*b - 11*l + 726 = -14*l, -5*l + 230 = 4*b. What is the greatest common factor of 36 and b?
12
Let f = -2 - -40. Let h = f - 34. Suppose h*v - 3 = 2*w - 5*w, -v - 2*w = 3. Calculate the greatest common divisor of v and 3.
3
Suppose -2*y + 10 = 4. Let c = -3 + y. Suppose 0 = -5*u - 25, c*m = -m + 3*u + 78. What is the greatest common divisor of m and 21?
21
Let f = -36 + 39. Suppose 2*p - 12 = -5*b, p - f - 5 = -3*b. Let v be (-1)/(-1) - (8/(-4) + -3). Calculate the highest common divisor of v and b.
2
Let k = -135 - -143. Let s be (-348)/(-42) - 4/14. What is the highest common divisor of s and k?
8
Let n(y) be the second derivative of y**3/2 + 75*y**2/2 - 2*y + 40. Let z be n(27). Calculate the greatest common divisor of z and 117.
39
Suppose -9 = -3*l, n + 2*l - 3 = 135. Let i be 60*(60/25)/3. Suppose 4*d + 5*v - i = 0, 7*d - 12*d + 5*v = -60. Calculate the highest common divisor of n and d.
12
Let c(o) = o**3 - 17*o**2 + 32*o - 4. Let f be c(15). Suppose -2627 + 703 = -2*y. Calculate the greatest common factor of f and y.
26
Let l be ((-432)/(-60))/((-2)/(-5)). Let s(m) be the second derivative of m**3/6 + 72*m**2 - 2*m. Let j be s(0). What is the highest common divisor of l and j?
18
Suppose -642 = -2*v - 680. Let r = v + 129. Calculate the highest common divisor of r and 66.
22
Let v be (328/(-4) + -2)*(5 + -6). Suppose -19*h + v = -13*h. What is the highest common factor of h and 14?
14
Let o be (4 + -67)*8/6. Let s = o + 104. Calculate the highest common factor of 15 and s.
5
Let s = -37846 + 41039. Calculate the highest common factor of 279 and s.
31
Let g be 4/12 + (-6612)/(-36). Let u = 254 + -246. What is the greatest common factor of g and u?
8
Suppose 4*t - 1613 - 987 = 0. Suppose -1900 = -157*j + 138*j. What is the greatest common factor of j and t?
50
Suppose 5*b = -0*s + 5*s - 110, 3*s + b = 78. Suppose -525*r + 528*r - 230 = -k, 0 = 3*k - 15. What is the highest common factor of s and r?
25
Let t = 68 - 80. Let u(s) = -5*s - 59. Let d be u(t). Calculate the highest common factor of d and 4.
1
Let m(h) = -4*h - 5 + 14 + 27 - 4*h. Let d be m(-12). What is the greatest common divisor of d and 48?
12
Suppose 17*j - 238 - 748 = 0. What is the greatest common factor of j and 551?
29
Let i = 4125 - 3836. Calculate the highest common divisor of i and 34.
17
Suppose c - 25436 = -3*z, -2*z + 11427 = 5*c - 115805. What is the greatest common factor of 8 and c?
8
Suppose 250*a - 2074830 = -170*a + 75*a. What is the greatest common factor of a and 1358?
194
Let w be ((-25088)/(-91))/2 - ((-432)/104 - -4). Suppose 5*s = -4*l + 436 + 862, 2*l + 5*s = 654. Calculate the greatest common factor of l and w.
46
Let b = -7586 + 7970. What is the greatest common factor of 3312 and b?
48
Let z = -22523 + 27928. Calculate the greatest common divisor of 611 and z.
47
Let b(v) = v**2 + 25*v + 124. Let i be b(-20). What is the highest common divisor of i and 1048?
8
Let j be (-2 - -2) + 1 + -132 + -1. Let r = -130 - j. What is the greatest common divisor of r and 14?
2
Let z(g) = -26*g**2 - 118*g + 6. Let u be z(-3). What is the highest common factor of 28 and u?
14
Let u = -6 + 21. Let j = -4 + u. Let a be ((-16)/40)/((-38)/5225). What is the highest common divisor of j and a?
11
Let y = 451 - 170. Let m = y - 253. What is the highest common divisor of 14 and m?
14
Let l(b) = -2*b**3 + 3*b**2 - 2*b + 2. Let q be l(1). Let g(v) = 13*v**3 + 2*v**2 - v - 1. Let d be g(q). What is the greatest common factor of d and 26?
13
Suppose 0 = -5*m + 10 + 15. Suppose -m*c + 12 = -2*c. Suppose -c*h - 6 = -7*h. What is the greatest common divisor of 18 and h?
2
Suppose 5*h = -3*b - 23, -b + 25 = 34*h - 37*h. Let f(v) = v**3 + 8*v**2 - 3*v + 20. Let z be f(h). Calculate the greatest common factor of 30 and z.
30
Let t(p) = 